Nov 30 21:15:05.016 INFO testing watanabe-kts/http-server-rust against master#8940af3cea4a9a9deabcaf843b2f8cad9a83fc61 for beta-1.31-5
Nov 30 21:15:05.018 INFO running `"docker" "create" "-v" "/mnt/big/crater/work/local/target-dirs/beta-1.31-5/worker-5/master#8940af3cea4a9a9deabcaf843b2f8cad9a83fc61:/target:rw,Z" "-v" "/mnt/big/crater/work/local/test-source/worker-5/beta-1.31-5/master#8940af3cea4a9a9deabcaf843b2f8cad9a83fc61:/source:ro,Z" "-v" "/mnt/big/crater/work/local/cargo-home:/cargo-home:ro,Z" "-v" "/mnt/big/crater/work/local/rustup-home:/rustup-home:ro,Z" "-e" "USER_ID=1000" "-e" "SOURCE_DIR=/source" "-e" "USER_ID=1000" "-e" "CMD=cargo +8940af3cea4a9a9deabcaf843b2f8cad9a83fc61-alt build --frozen" "-e" "CARGO_TARGET_DIR=/target" "-e" "CARGO_INCREMENTAL=0" "-e" "RUST_BACKTRACE=full" "-e" "RUSTFLAGS=--cap-lints=warn" "-e" "CARGO_HOME=/cargo-home" "-e" "RUSTUP_HOME=/rustup-home" "-m" "1536M" "--network" "none" "crater"`
Nov 30 21:15:05.689 INFO [stdout] 0415dbfc589ff56273aa87b0b47780bbbe712c1dc4b824aee74dd7f4ced4d129
Nov 30 21:15:05.691 INFO running `"docker" "start" "-a" "0415dbfc589ff56273aa87b0b47780bbbe712c1dc4b824aee74dd7f4ced4d129"`
Nov 30 21:15:06.742 INFO [stderr] usermod: no changes
Nov 30 21:15:06.871 INFO [stderr]    Compiling http v0.1.0 (/source)
Nov 30 21:15:07.348 INFO [stderr] warning: method is never used: `method`
Nov 30 21:15:07.349 INFO [stderr]   --> src/request.rs:14:5
Nov 30 21:15:07.349 INFO [stderr]    |
Nov 30 21:15:07.349 INFO [stderr] 14 |     pub fn method(&self) -> &Method {
Nov 30 21:15:07.349 INFO [stderr]    |     ^^^^^^^^^^^^^^^^^^^^^^^^^^^^^^^
Nov 30 21:15:07.350 INFO [stderr]    |
Nov 30 21:15:07.350 INFO [stderr]    = note: #[warn(dead_code)] on by default
Nov 30 21:15:07.350 INFO [stderr] 
Nov 30 21:15:07.351 INFO [stderr] warning: method is never used: `http_version`
Nov 30 21:15:07.351 INFO [stderr]   --> src/request.rs:22:5
Nov 30 21:15:07.351 INFO [stderr]    |
Nov 30 21:15:07.351 INFO [stderr] 22 |     pub fn http_version(&self) -> &str {
Nov 30 21:15:07.352 INFO [stderr]    |     ^^^^^^^^^^^^^^^^^^^^^^^^^^^^^^^^^^
Nov 30 21:15:07.352 INFO [stderr] 
Nov 30 21:15:07.352 INFO [stderr] warning: method is never used: `raw_headers`
Nov 30 21:15:07.353 INFO [stderr]   --> src/request.rs:26:5
Nov 30 21:15:07.353 INFO [stderr]    |
Nov 30 21:15:07.353 INFO [stderr] 26 |     pub fn raw_headers(&self) -> &[String] {
Nov 30 21:15:07.353 INFO [stderr]    |     ^^^^^^^^^^^^^^^^^^^^^^^^^^^^^^^^^^^^^^
Nov 30 21:15:07.354 INFO [stderr] 
Nov 30 21:15:07.363 INFO [stderr] warning: method is never used: `kind`
Nov 30 21:15:07.363 INFO [stderr]    --> src/request.rs:106:5
Nov 30 21:15:07.364 INFO [stderr]     |
Nov 30 21:15:07.364 INFO [stderr] 106 |     pub fn kind(&self) -> ErrorKind {
Nov 30 21:15:07.364 INFO [stderr]     |     ^^^^^^^^^^^^^^^^^^^^^^^^^^^^^^^
Nov 30 21:15:07.365 INFO [stderr] 
Nov 30 21:15:07.365 INFO [stderr] warning: unused `std::result::Result` that must be used
Nov 30 21:15:07.365 INFO [stderr]   --> src/response.rs:47:13
Nov 30 21:15:07.366 INFO [stderr]    |
Nov 30 21:15:07.366 INFO [stderr] 47 |             write!(&mut bw, "{}: {}\r\n", name, value);
Nov 30 21:15:07.366 INFO [stderr]    |             ^^^^^^^^^^^^^^^^^^^^^^^^^^^^^^^^^^^^^^^^^^^
Nov 30 21:15:07.367 INFO [stderr]    |
Nov 30 21:15:07.367 INFO [stderr]    = note: #[warn(unused_must_use)] on by default
Nov 30 21:15:07.367 INFO [stderr]    = note: this `Result` may be an `Err` variant, which should be handled
Nov 30 21:15:07.368 INFO [stderr]    = note: this error originates in a macro outside of the current crate (in Nightly builds, run with -Z external-macro-backtrace for more info)
Nov 30 21:15:07.368 INFO [stderr] 
Nov 30 21:15:08.978 INFO [stderr]     Finished dev [unoptimized + debuginfo] target(s) in 2.19s
Nov 30 21:15:08.984 INFO [stderr] su: No module specific data is present
Nov 30 21:15:09.855 INFO running `"docker" "inspect" "0415dbfc589ff56273aa87b0b47780bbbe712c1dc4b824aee74dd7f4ced4d129"`
Nov 30 21:15:10.256 INFO running `"docker" "rm" "-f" "0415dbfc589ff56273aa87b0b47780bbbe712c1dc4b824aee74dd7f4ced4d129"`
Nov 30 21:15:10.545 INFO [stdout] 0415dbfc589ff56273aa87b0b47780bbbe712c1dc4b824aee74dd7f4ced4d129
Nov 30 21:15:10.553 INFO running `"docker" "create" "-v" "/mnt/big/crater/work/local/target-dirs/beta-1.31-5/worker-5/master#8940af3cea4a9a9deabcaf843b2f8cad9a83fc61:/target:rw,Z" "-v" "/mnt/big/crater/work/local/test-source/worker-5/beta-1.31-5/master#8940af3cea4a9a9deabcaf843b2f8cad9a83fc61:/source:ro,Z" "-v" "/mnt/big/crater/work/local/cargo-home:/cargo-home:ro,Z" "-v" "/mnt/big/crater/work/local/rustup-home:/rustup-home:ro,Z" "-e" "USER_ID=1000" "-e" "SOURCE_DIR=/source" "-e" "USER_ID=1000" "-e" "CMD=cargo +8940af3cea4a9a9deabcaf843b2f8cad9a83fc61-alt test --frozen --no-run" "-e" "CARGO_TARGET_DIR=/target" "-e" "CARGO_INCREMENTAL=0" "-e" "RUST_BACKTRACE=full" "-e" "RUSTFLAGS=--cap-lints=warn" "-e" "CARGO_HOME=/cargo-home" "-e" "RUSTUP_HOME=/rustup-home" "-m" "1536M" "--network" "none" "crater"`
Nov 30 21:15:11.071 INFO [stdout] 6b6986e8794726798cb0f6d421d3d8e77342a6c9936ac3868dd4e03c473c7637
Nov 30 21:15:11.073 INFO running `"docker" "start" "-a" "6b6986e8794726798cb0f6d421d3d8e77342a6c9936ac3868dd4e03c473c7637"`
Nov 30 21:15:12.264 INFO [stderr] usermod: no changes
Nov 30 21:15:12.358 INFO [stderr]    Compiling http v0.1.0 (/source)
Nov 30 21:15:12.749 INFO [stderr] error[E0308]: mismatched types
Nov 30 21:15:12.749 INFO [stderr]    --> src/request.rs:135:13
Nov 30 21:15:12.749 INFO [stderr]     |
Nov 30 21:15:12.749 INFO [stderr] 135 |             b"Host: example.com:7777",
Nov 30 21:15:12.749 INFO [stderr]     |             ^^^^^^^^^^^^^^^^^^^^^^^^^ expected an array with a fixed size of 27 elements, found one with 22 elements
Nov 30 21:15:12.749 INFO [stderr]     |
Nov 30 21:15:12.749 INFO [stderr]     = note: expected type `&[u8; 27]`
Nov 30 21:15:12.749 INFO [stderr]                found type `&'static [u8; 22]`
Nov 30 21:15:12.749 INFO [stderr] 
Nov 30 21:15:12.834 INFO [stderr] error[E0308]: mismatched types
Nov 30 21:15:12.834 INFO [stderr]    --> src/request.rs:152:34
Nov 30 21:15:12.834 INFO [stderr]     |
Nov 30 21:15:12.834 INFO [stderr] 152 |         let req = Request::parse(msg);
Nov 30 21:15:12.834 INFO [stderr]     |                                  ^^^ expected &[u8], found struct `std::iter::Map`
Nov 30 21:15:12.834 INFO [stderr]     |
Nov 30 21:15:12.834 INFO [stderr]     = note: expected type `&[u8]`
Nov 30 21:15:12.834 INFO [stderr]                found type `std::iter::Map<std::slice::Iter<'_, &str>, [closure@src/request.rs:150:22: 150:39]>`
Nov 30 21:15:12.834 INFO [stderr] 
Nov 30 21:15:12.863 INFO [stderr] error[E0308]: mismatched types
Nov 30 21:15:12.863 INFO [stderr]    --> src/request.rs:165:34
Nov 30 21:15:12.863 INFO [stderr]     |
Nov 30 21:15:12.863 INFO [stderr] 165 |         let req = Request::parse(msg);
Nov 30 21:15:12.863 INFO [stderr]     |                                  ^^^ expected &[u8], found struct `std::iter::Map`
Nov 30 21:15:12.863 INFO [stderr]     |
Nov 30 21:15:12.863 INFO [stderr]     = note: expected type `&[u8]`
Nov 30 21:15:12.863 INFO [stderr]                found type `std::iter::Map<std::slice::Iter<'_, &str>, [closure@src/request.rs:163:22: 163:39]>`
Nov 30 21:15:12.863 INFO [stderr] 
Nov 30 21:15:12.899 INFO [stderr] error: aborting due to 3 previous errors
Nov 30 21:15:12.899 INFO [stderr] 
Nov 30 21:15:12.899 INFO [stderr] For more information about this error, try `rustc --explain E0308`.
Nov 30 21:15:12.908 INFO [stderr] error: Could not compile `http`.
Nov 30 21:15:12.909 INFO [stderr] 
Nov 30 21:15:12.909 INFO [stderr] To learn more, run the command again with --verbose.
Nov 30 21:15:12.910 INFO [stderr] su: No module specific data is present
Nov 30 21:15:13.549 INFO running `"docker" "inspect" "6b6986e8794726798cb0f6d421d3d8e77342a6c9936ac3868dd4e03c473c7637"`
Nov 30 21:15:13.869 INFO running `"docker" "rm" "-f" "6b6986e8794726798cb0f6d421d3d8e77342a6c9936ac3868dd4e03c473c7637"`
Nov 30 21:15:14.184 INFO [stdout] 6b6986e8794726798cb0f6d421d3d8e77342a6c9936ac3868dd4e03c473c7637
